{"id":112,"date":"2023-02-02T11:51:35","date_gmt":"2023-02-02T11:51:35","guid":{"rendered":"https:\/\/demo-2.zumm.info\/?page_id=112"},"modified":"2025-09-05T15:55:42","modified_gmt":"2025-09-05T15:55:42","slug":"usluge","status":"publish","type":"page","link":"https:\/\/peglerajvjesalica.com\/index.php\/usluge\/","title":{"rendered":"Usluge"},"content":{"rendered":"\t\t<div data-elementor-type=\"wp-page\" data-elementor-id=\"112\" class=\"elementor elementor-112\">\n\t\t\t\t\t\t<section class=\"elementor-section elementor-top-section elementor-element elementor-element-8150448 elementor-section-height-min-height elementor-section-boxed elementor-section-height-default elementor-section-items-middle\" data-id=\"8150448\" data-element_type=\"section\" data-e-type=\"section\" data-settings=\"{&quot;background_background&quot;:&quot;classic&quot;}\">\n\t\t\t\t\t\t\t<div class=\"elementor-background-overlay\"><\/div>\n\t\t\t\t\t\t\t<div class=\"elementor-container elementor-column-gap-default\">\n\t\t\t\t\t<div class=\"elementor-column elementor-col-100 elementor-top-column elementor-element elementor-element-6a8ebb6b\" data-id=\"6a8ebb6b\" data-element_type=\"column\" data-e-type=\"column\">\n\t\t\t<div class=\"elementor-widget-wrap elementor-element-populated\">\n\t\t\t\t\t\t<div class=\"elementor-element elementor-element-1867dc82 elementor-widget elementor-widget-heading\" data-id=\"1867dc82\" data-element_type=\"widget\" data-e-type=\"widget\" data-widget_type=\"heading.default\">\n\t\t\t\t<div class=\"elementor-widget-container\">\n\t\t\t\t\t<h2 class=\"elementor-heading-title elementor-size-default\">Na\u0161e usluge<\/h2>\t\t\t\t<\/div>\n\t\t\t\t<\/div>\n\t\t\t\t\t<\/div>\n\t\t<\/div>\n\t\t\t\t\t<\/div>\n\t\t<\/section>\n\t\t\t\t<section class=\"elementor-section elementor-top-section elementor-element elementor-element-132011da elementor-section-boxed elementor-section-height-default elementor-section-height-default\" data-id=\"132011da\" data-element_type=\"section\" data-e-type=\"section\" data-settings=\"{&quot;background_background&quot;:&quot;classic&quot;}\">\n\t\t\t\t\t\t<div class=\"elementor-container elementor-column-gap-default\">\n\t\t\t\t\t<div class=\"elementor-column elementor-col-25 elementor-top-column elementor-element elementor-element-1e72f14e\" data-id=\"1e72f14e\" data-element_type=\"column\" data-e-type=\"column\">\n\t\t\t<div class=\"elementor-widget-wrap elementor-element-populated\">\n\t\t\t\t\t\t<div class=\"elementor-element elementor-element-56bfd03b elementor-widget elementor-widget-heading\" data-id=\"56bfd03b\" data-element_type=\"widget\" data-e-type=\"widget\" data-widget_type=\"heading.default\">\n\t\t\t\t<div class=\"elementor-widget-container\">\n\t\t\t\t\t<h3 class=\"elementor-heading-title elementor-size-default\">Usluge<\/h3>\t\t\t\t<\/div>\n\t\t\t\t<\/div>\n\t\t\t\t<div class=\"elementor-element elementor-element-441e84b3 elementor-widget-divider--view-line elementor-widget elementor-widget-divider\" data-id=\"441e84b3\" data-element_type=\"widget\" data-e-type=\"widget\" data-widget_type=\"divider.default\">\n\t\t\t\t<div class=\"elementor-widget-container\">\n\t\t\t\t\t\t\t<div class=\"elementor-divider\">\n\t\t\t<span class=\"elementor-divider-separator\">\n\t\t\t\t\t\t<\/span>\n\t\t<\/div>\n\t\t\t\t\t\t<\/div>\n\t\t\t\t<\/div>\n\t\t\t\t\t<\/div>\n\t\t<\/div>\n\t\t\t\t<div class=\"elementor-column elementor-col-25 elementor-top-column elementor-element elementor-element-32aff68e\" data-id=\"32aff68e\" data-element_type=\"column\" data-e-type=\"column\">\n\t\t\t<div class=\"elementor-widget-wrap elementor-element-populated\">\n\t\t\t\t\t\t<div class=\"elementor-element elementor-element-2ef3a609 elementor-position-top elementor-widget elementor-widget-image-box\" data-id=\"2ef3a609\" data-element_type=\"widget\" data-e-type=\"widget\" data-widget_type=\"image-box.default\">\n\t\t\t\t<div class=\"elementor-widget-container\">\n\t\t\t\t\t<div class=\"elementor-image-box-wrapper\"><figure class=\"elementor-image-box-img\"><img decoding=\"async\" width=\"50\" height=\"60\" src=\"https:\/\/peglerajvjesalica.com\/wp-content\/uploads\/2023\/02\/icon-4.png\" class=\"attachment-full size-full wp-image-35\" alt=\"\" \/><\/figure><div class=\"elementor-image-box-content\"><h3 class=\"elementor-image-box-title\">pranje rublja<\/h3><p class=\"elementor-image-box-description\">Sigurno se mo\u017eete sjetiti barem 100 stvari koje biste radije radili nego prali rublje - to \u010dekanje da bude gotovo, pa su\u0161enje pa peglanje i onda slaganje. Izaberite neku od 100 drugih stvari i samo naprijed jer \u0107emo mi oprati Va\u0161e rublje umjesto Vas.<\/p><\/div><\/div>\t\t\t\t<\/div>\n\t\t\t\t<\/div>\n\t\t\t\t\t<\/div>\n\t\t<\/div>\n\t\t\t\t<div class=\"elementor-column elementor-col-25 elementor-top-column elementor-element elementor-element-17e965d6\" data-id=\"17e965d6\" data-element_type=\"column\" data-e-type=\"column\">\n\t\t\t<div class=\"elementor-widget-wrap elementor-element-populated\">\n\t\t\t\t\t\t<div class=\"elementor-element elementor-element-9fb692c elementor-position-top elementor-widget elementor-widget-image-box\" data-id=\"9fb692c\" data-element_type=\"widget\" data-e-type=\"widget\" data-widget_type=\"image-box.default\">\n\t\t\t\t<div class=\"elementor-widget-container\">\n\t\t\t\t\t<div class=\"elementor-image-box-wrapper\"><figure class=\"elementor-image-box-img\"><img fetchpriority=\"high\" decoding=\"async\" width=\"512\" height=\"512\" src=\"https:\/\/peglerajvjesalica.com\/wp-content\/uploads\/2023\/03\/iron-.png\" class=\"attachment-full size-full wp-image-377\" alt=\"\" srcset=\"https:\/\/peglerajvjesalica.com\/wp-content\/uploads\/2023\/03\/iron-.png 512w, https:\/\/peglerajvjesalica.com\/wp-content\/uploads\/2023\/03\/iron--300x300.png 300w, https:\/\/peglerajvjesalica.com\/wp-content\/uploads\/2023\/03\/iron--150x150.png 150w\" sizes=\"(max-width: 512px) 100vw, 512px\" \/><\/figure><div class=\"elementor-image-box-content\"><h3 class=\"elementor-image-box-title\">peglanje rublja<\/h3><p class=\"elementor-image-box-description\">Peglanje rublja je nu\u017ena aktivnost koju mnogi ba\u0161 jako ne vole raditi. Uz to \u0161to peglanje rublja nije najzabavnije, oduzima i puno vremena zato propustite svoje rublje u na\u0161e ruke i idite besprijekorno ispeglani.<\/p><\/div><\/div>\t\t\t\t<\/div>\n\t\t\t\t<\/div>\n\t\t\t\t\t<\/div>\n\t\t<\/div>\n\t\t\t\t<div class=\"elementor-column elementor-col-25 elementor-top-column elementor-element elementor-element-489e3959\" data-id=\"489e3959\" data-element_type=\"column\" data-e-type=\"column\">\n\t\t\t<div class=\"elementor-widget-wrap elementor-element-populated\">\n\t\t\t\t\t\t<div class=\"elementor-element elementor-element-6fb3f179 elementor-position-top elementor-widget elementor-widget-image-box\" data-id=\"6fb3f179\" data-element_type=\"widget\" data-e-type=\"widget\" data-widget_type=\"image-box.default\">\n\t\t\t\t<div class=\"elementor-widget-container\">\n\t\t\t\t\t<div class=\"elementor-image-box-wrapper\"><figure class=\"elementor-image-box-img\"><img decoding=\"async\" width=\"512\" height=\"512\" src=\"https:\/\/peglerajvjesalica.com\/wp-content\/uploads\/2023\/03\/fashion.png\" class=\"attachment-full size-full wp-image-379\" alt=\"\" srcset=\"https:\/\/peglerajvjesalica.com\/wp-content\/uploads\/2023\/03\/fashion.png 512w, https:\/\/peglerajvjesalica.com\/wp-content\/uploads\/2023\/03\/fashion-300x300.png 300w, https:\/\/peglerajvjesalica.com\/wp-content\/uploads\/2023\/03\/fashion-150x150.png 150w\" sizes=\"(max-width: 512px) 100vw, 512px\" \/><\/figure><div class=\"elementor-image-box-content\"><h3 class=\"elementor-image-box-title\">dostava rublja<\/h3><p class=\"elementor-image-box-description\">Nakon pranja i peglanja dostavljamo besprijekorno oprano i opeglano rublje vama na adresu.<\/p><\/div><\/div>\t\t\t\t<\/div>\n\t\t\t\t<\/div>\n\t\t\t\t\t<\/div>\n\t\t<\/div>\n\t\t\t\t\t<\/div>\n\t\t<\/section>\n\t\t\t\t<section class=\"elementor-section elementor-top-section elementor-element elementor-element-7310ee2d elementor-section-boxed elementor-section-height-default elementor-section-height-default\" data-id=\"7310ee2d\" data-element_type=\"section\" data-e-type=\"section\" data-settings=\"{&quot;background_background&quot;:&quot;classic&quot;}\">\n\t\t\t\t\t\t<div class=\"elementor-container elementor-column-gap-default\">\n\t\t\t\t\t<div class=\"elementor-column elementor-col-50 elementor-top-column elementor-element elementor-element-3148e1bb\" data-id=\"3148e1bb\" data-element_type=\"column\" data-e-type=\"column\">\n\t\t\t<div class=\"elementor-widget-wrap elementor-element-populated\">\n\t\t\t\t\t\t<div class=\"elementor-element elementor-element-a5e36c1 elementor-invisible elementor-widget elementor-widget-image\" data-id=\"a5e36c1\" data-element_type=\"widget\" data-e-type=\"widget\" data-settings=\"{&quot;_animation&quot;:&quot;pulse&quot;}\" data-widget_type=\"image.default\">\n\t\t\t\t<div class=\"elementor-widget-container\">\n\t\t\t\t\t\t\t\t\t\t\t\t\t\t\t<img loading=\"lazy\" decoding=\"async\" width=\"2016\" height=\"1512\" src=\"https:\/\/peglerajvjesalica.com\/wp-content\/uploads\/2023\/03\/IMG-20230217-WA0013.jpg\" class=\"elementor-animation-float attachment-full size-full wp-image-362\" alt=\"\" srcset=\"https:\/\/peglerajvjesalica.com\/wp-content\/uploads\/2023\/03\/IMG-20230217-WA0013.jpg 2016w, https:\/\/peglerajvjesalica.com\/wp-content\/uploads\/2023\/03\/IMG-20230217-WA0013-300x225.jpg 300w, https:\/\/peglerajvjesalica.com\/wp-content\/uploads\/2023\/03\/IMG-20230217-WA0013-1024x768.jpg 1024w, https:\/\/peglerajvjesalica.com\/wp-content\/uploads\/2023\/03\/IMG-20230217-WA0013-768x576.jpg 768w, https:\/\/peglerajvjesalica.com\/wp-content\/uploads\/2023\/03\/IMG-20230217-WA0013-1536x1152.jpg 1536w\" sizes=\"(max-width: 2016px) 100vw, 2016px\" \/>\t\t\t\t\t\t\t\t\t\t\t\t\t\t\t<\/div>\n\t\t\t\t<\/div>\n\t\t\t\t\t<\/div>\n\t\t<\/div>\n\t\t\t\t<div class=\"elementor-column elementor-col-50 elementor-top-column elementor-element elementor-element-56558339\" data-id=\"56558339\" data-element_type=\"column\" data-e-type=\"column\">\n\t\t\t<div class=\"elementor-widget-wrap elementor-element-populated\">\n\t\t\t\t\t\t<section class=\"elementor-section elementor-inner-section elementor-element elementor-element-6f051fdc elementor-section-boxed elementor-section-height-default elementor-section-height-default\" data-id=\"6f051fdc\" data-element_type=\"section\" data-e-type=\"section\">\n\t\t\t\t\t\t<div class=\"elementor-container elementor-column-gap-default\">\n\t\t\t\t\t<div class=\"elementor-column elementor-col-100 elementor-inner-column elementor-element elementor-element-7a149358\" data-id=\"7a149358\" data-element_type=\"column\" data-e-type=\"column\">\n\t\t\t<div class=\"elementor-widget-wrap elementor-element-populated\">\n\t\t\t\t\t\t<div class=\"elementor-element elementor-element-2d37584 elementor-widget elementor-widget-heading\" data-id=\"2d37584\" data-element_type=\"widget\" data-e-type=\"widget\" data-widget_type=\"heading.default\">\n\t\t\t\t<div class=\"elementor-widget-container\">\n\t\t\t\t\t<h3 class=\"elementor-heading-title elementor-size-default\">Na\u0161a garancija<\/h3>\t\t\t\t<\/div>\n\t\t\t\t<\/div>\n\t\t\t\t<div class=\"elementor-element elementor-element-313bdbf0 elementor-widget elementor-widget-text-editor\" data-id=\"313bdbf0\" data-element_type=\"widget\" data-e-type=\"widget\" data-widget_type=\"text-editor.default\">\n\t\t\t\t<div class=\"elementor-widget-container\">\n\t\t\t\t\t\t\t\t\t<p><span style=\"color: #222222; font-family: Roboto, Arial, sans-serif; font-size: 14px; font-style: normal; font-variant-ligatures: normal; font-variant-caps: normal; font-weight: 400;\">\u0160tedite svoje \u017eivce i smanjite svakodnevni stres i to vrlo jednostavno!<\/span><br style=\"color: #222222; font-family: Roboto, Arial, sans-serif;\" \/><span style=\"color: #222222; font-family: Roboto, Arial, sans-serif; font-size: 14px; font-style: normal; font-variant-ligatures: normal; font-variant-caps: normal; font-weight: 400;\">Vrlo jednostavno?<\/span><br style=\"color: #222222; font-family: Roboto, Arial, sans-serif;\" \/><span style=\"color: #222222; font-family: Roboto, Arial, sans-serif; font-size: 14px; font-style: normal; font-variant-ligatures: normal; font-variant-caps: normal; font-weight: 400;\">Povjerite pegleraju &#8220;Vje\u0161alica&#8221; sve brige oko va\u0161eg rublja, a mi \u0107emo kvalitetnom i brzom uslugom sigurno opravdati va\u0161e povjerenje.<\/span><br style=\"color: #222222; font-family: Roboto, Arial, sans-serif;\" \/><span style=\"color: #222222; font-family: Roboto, Arial, sans-serif; font-size: 14px; font-style: normal; font-variant-ligatures: normal; font-variant-caps: normal; font-weight: 400;\">Nazovite nas i va\u0161e rublje \u0107e biti u trenu oprano, popeglano i slo\u017eeno te dostavljeno na va\u0161u adresu<\/span><span style=\"color: #222222; font-family: Roboto, Arial, sans-serif; font-size: 14px; font-style: normal; font-variant-ligatures: normal; font-variant-caps: normal; font-weight: 400;\">\u00a0uredno zapakirano.<\/span><\/p><p><span style=\"color: #222222; font-family: Roboto, Arial, sans-serif; font-size: 14px; font-style: normal; font-variant-ligatures: normal; font-variant-caps: normal; font-weight: 400;\">Do\u0111ite i uvjerite se sami! Iza na\u0161eg rada ne krije se samo odli\u010dna usluga, nego i uro\u0111ena to\u010dnost i pedantnost koju na\u0161i stalni klijenti prepoznaju i cijene.<\/span><span style=\"color: #222222; font-family: Roboto, Arial, sans-serif; font-size: 14px; font-style: normal; font-variant-ligatures: normal; font-variant-caps: normal; font-weight: 400;\"><br \/><\/span><\/p>\t\t\t\t\t\t\t\t<\/div>\n\t\t\t\t<\/div>\n\t\t\t\t\t<\/div>\n\t\t<\/div>\n\t\t\t\t\t<\/div>\n\t\t<\/section>\n\t\t\t\t\t<\/div>\n\t\t<\/div>\n\t\t\t\t\t<\/div>\n\t\t<\/section>\n\t\t\t\t<\/div>\n\t\t","protected":false},"excerpt":{"rendered":"<p>Na\u0161e usluge Usluge pranje rublja Sigurno se mo\u017eete sjetiti barem 100 stvari koje biste radije radili nego prali rublje &#8211; to \u010dekanje da bude gotovo, pa su\u0161enje pa peglanje i onda slaganje. Izaberite neku od 100 drugih stvari i samo naprijed jer \u0107emo mi oprati Va\u0161e rublje umjesto Vas. peglanje rublja Peglanje rublja je nu\u017ena [&hellip;]<\/p>\n","protected":false},"author":1,"featured_media":0,"parent":0,"menu_order":0,"comment_status":"closed","ping_status":"closed","template":"","meta":{"ocean_post_layout":"","ocean_both_sidebars_style":"","ocean_both_sidebars_content_width":0,"ocean_both_sidebars_sidebars_width":0,"ocean_sidebar":"0","ocean_second_sidebar":"0","ocean_disable_margins":"enable","ocean_add_body_class":"","ocean_shortcode_before_top_bar":"","ocean_shortcode_after_top_bar":"","ocean_shortcode_before_header":"","ocean_shortcode_after_header":"","ocean_has_shortcode":"","ocean_shortcode_after_title":"","ocean_shortcode_before_footer_widgets":"","ocean_shortcode_after_footer_widgets":"","ocean_shortcode_before_footer_bottom":"","ocean_shortcode_after_footer_bottom":"","ocean_display_top_bar":"default","ocean_display_header":"default","ocean_header_style":"","ocean_center_header_left_menu":"0","ocean_custom_header_template":"0","ocean_custom_logo":0,"ocean_custom_retina_logo":0,"ocean_custom_logo_max_width":0,"ocean_custom_logo_tablet_max_width":0,"ocean_custom_logo_mobile_max_width":0,"ocean_custom_logo_max_height":0,"ocean_custom_logo_tablet_max_height":0,"ocean_custom_logo_mobile_max_height":0,"ocean_header_custom_menu":"0","ocean_menu_typo_font_family":"0","ocean_menu_typo_font_subset":"","ocean_menu_typo_font_size":0,"ocean_menu_typo_font_size_tablet":0,"ocean_menu_typo_font_size_mobile":0,"ocean_menu_typo_font_size_unit":"px","ocean_menu_typo_font_weight":"","ocean_menu_typo_font_weight_tablet":"","ocean_menu_typo_font_weight_mobile":"","ocean_menu_typo_transform":"","ocean_menu_typo_transform_tablet":"","ocean_menu_typo_transform_mobile":"","ocean_menu_typo_line_height":0,"ocean_menu_typo_line_height_tablet":0,"ocean_menu_typo_line_height_mobile":0,"ocean_menu_typo_line_height_unit":"","ocean_menu_typo_spacing":0,"ocean_menu_typo_spacing_tablet":0,"ocean_menu_typo_spacing_mobile":0,"ocean_menu_typo_spacing_unit":"","ocean_menu_link_color":"","ocean_menu_link_color_hover":"","ocean_menu_link_color_active":"","ocean_menu_link_background":"","ocean_menu_link_hover_background":"","ocean_menu_link_active_background":"","ocean_menu_social_links_bg":"","ocean_menu_social_hover_links_bg":"","ocean_menu_social_links_color":"","ocean_menu_social_hover_links_color":"","ocean_disable_title":"default","ocean_disable_heading":"default","ocean_post_title":"","ocean_post_subheading":"","ocean_post_title_style":"","ocean_post_title_background_color":"","ocean_post_title_background":0,"ocean_post_title_bg_image_position":"","ocean_post_title_bg_image_attachment":"","ocean_post_title_bg_image_repeat":"","ocean_post_title_bg_image_size":"","ocean_post_title_height":0,"ocean_post_title_bg_overlay":0.5,"ocean_post_title_bg_overlay_color":"","ocean_disable_breadcrumbs":"default","ocean_breadcrumbs_color":"","ocean_breadcrumbs_separator_color":"","ocean_breadcrumbs_links_color":"","ocean_breadcrumbs_links_hover_color":"","ocean_display_footer_widgets":"default","ocean_display_footer_bottom":"default","ocean_custom_footer_template":"0","footnotes":""},"class_list":["post-112","page","type-page","status-publish","hentry","entry"],"_links":{"self":[{"href":"https:\/\/peglerajvjesalica.com\/index.php\/wp-json\/wp\/v2\/pages\/112","targetHints":{"allow":["GET"]}}],"collection":[{"href":"https:\/\/peglerajvjesalica.com\/index.php\/wp-json\/wp\/v2\/pages"}],"about":[{"href":"https:\/\/peglerajvjesalica.com\/index.php\/wp-json\/wp\/v2\/types\/page"}],"author":[{"embeddable":true,"href":"https:\/\/peglerajvjesalica.com\/index.php\/wp-json\/wp\/v2\/users\/1"}],"replies":[{"embeddable":true,"href":"https:\/\/peglerajvjesalica.com\/index.php\/wp-json\/wp\/v2\/comments?post=112"}],"version-history":[{"count":88,"href":"https:\/\/peglerajvjesalica.com\/index.php\/wp-json\/wp\/v2\/pages\/112\/revisions"}],"predecessor-version":[{"id":712,"href":"https:\/\/peglerajvjesalica.com\/index.php\/wp-json\/wp\/v2\/pages\/112\/revisions\/712"}],"wp:attachment":[{"href":"https:\/\/peglerajvjesalica.com\/index.php\/wp-json\/wp\/v2\/media?parent=112"}],"curies":[{"name":"wp","href":"https:\/\/api.w.org\/{rel}","templated":true}]}}